{"id":119,"date":"2023-08-05T14:24:51","date_gmt":"2023-08-05T14:24:51","guid":{"rendered":"https:\/\/jezusuzdrawia.pl\/?page_id=119"},"modified":"2023-09-10T18:49:23","modified_gmt":"2023-09-10T18:49:23","slug":"dolnoslaskie","status":"publish","type":"page","link":"https:\/\/jezusuzdrawia.pl\/?page_id=119","title":{"rendered":"Dolno\u015bl\u0105skie"},"content":{"rendered":"\n<figure class=\"wp-block-table\"><table><tbody><tr><td class=\"has-text-align-center\" data-align=\"center\">Parafia pw. Matki Bo\u017cej Cz\u0119stochowskiej<br>ul. Baczy\u0144skiego 28<br>58-304 Wa\u0142brzych<\/td><td class=\"has-text-align-center\" data-align=\"center\"><a href=\"https:\/\/parafiakonradow.walbrzych.pl\/modlitwa\/\">link<\/a><\/td><\/tr><tr><td class=\"has-text-align-center\" data-align=\"center\">Parafia \u015bw. Karola Boromeusza<br>ul. Krucza 58<br>53-411 Wroc\u0142aw<\/td><td class=\"has-text-align-center\" data-align=\"center\"><a href=\"https:\/\/www.boromeusz.franciszkanie.pl\/nabozenstwo-z-modlitwa-o-uzdrowienie\/\">link<\/a><\/td><\/tr><tr><td class=\"has-text-align-center\" data-align=\"center\">Parafia \u015bw. Miko\u0142aja<br>Sanktuarium Jasnog\u00f3rskiej Matki Ko\u015bcio\u0142a<br>ul. \u015aw. Antoniego 30<br>50-073 Wroc\u0142aw<\/td><td class=\"has-text-align-center\" data-align=\"center\"><a href=\"https:\/\/www.wroclaw.paulini.pl\/78,modlitwa-o-uzdrowienia-duszy-i-ciala\">link<\/a><\/td><\/tr><tr><td class=\"has-text-align-center\" data-align=\"center\">Parafia pw. Naj\u015bwi\u0119tszej Maryi Panny Matki Mi\u0142osierdzia<br>al. A. Br\u00fccknera 20\/22<br>51-411 Wroc\u0142aw<\/td><td class=\"has-text-align-center\" data-align=\"center\"><a href=\"https:\/\/modlitwauwolnienia.pl\/o-nas\/\">link<\/a><\/td><\/tr><tr><td class=\"has-text-align-center\" data-align=\"center\">Parafia pw. \u015aw. Wawrzy\u0144ca<br>ul. Odona Bujwida 51<br>50-345 Wroc\u0142aw<\/td><td class=\"has-text-align-center\" data-align=\"center\"><a href=\"https:\/\/wawrzyniec.klaretyni.pl\/porzadek-mszy-swietych-i-nabozenstw.html\">link<\/a><\/td><\/tr><tr><td class=\"has-text-align-center\" data-align=\"center\">*Dom Mi\u0142osierdzia Wroc\u0142aw<\/td><td class=\"has-text-align-center\" data-align=\"center\"><a href=\"https:\/\/modlitwauwolnienia.pl\/o-nas\/\">link<\/a><\/td><\/tr><tr><td class=\"has-text-align-center\" data-align=\"center\">*Dom Mi\u0142osierdzia Lubin<\/td><td class=\"has-text-align-center\" data-align=\"center\"><a href=\"https:\/\/dom.jezuici.pl\/domy_milosierdzia\/\">link<\/a><\/td><\/tr><\/tbody><\/table><figcaption class=\"wp-element-caption\"><br>*Modlitwa wed\u0142ug pi\u0119ciu kluczy<\/figcaption><\/figure>\n","protected":false},"excerpt":{"rendered":"<p>Parafia pw. Matki Bo\u017cej Cz\u0119stochowskiejul. Baczy\u0144skiego 2858-304 Wa\u0142brzych link Parafia \u015bw. Karola Boromeuszaul. Krucza 5853-411 Wroc\u0142aw link Parafia \u015bw. Miko\u0142ajaSanktuarium Jasnog\u00f3rskiej Matki Ko\u015bcio\u0142aul. \u015aw. Antoniego 3050-073 Wroc\u0142aw link Parafia pw. Naj\u015bwi\u0119tszej Maryi Panny Matki Mi\u0142osierdziaal. A. Br\u00fccknera 20\/2251-411 Wroc\u0142aw link Parafia pw. \u015aw. Wawrzy\u0144caul. Odona Bujwida 5150-345 Wroc\u0142aw link *Dom Mi\u0142osierdzia Wroc\u0142aw link *Dom Mi\u0142osierdzia&#8230;<\/p>\n","protected":false},"author":2,"featured_media":0,"parent":0,"menu_order":0,"comment_status":"closed","ping_status":"closed","template":"","meta":{"footnotes":""},"_links":{"self":[{"href":"https:\/\/jezusuzdrawia.pl\/index.php?rest_route=\/wp\/v2\/pages\/119"}],"collection":[{"href":"https:\/\/jezusuzdrawia.pl\/index.php?rest_route=\/wp\/v2\/pages"}],"about":[{"href":"https:\/\/jezusuzdrawia.pl\/index.php?rest_route=\/wp\/v2\/types\/page"}],"author":[{"embeddable":true,"href":"https:\/\/jezusuzdrawia.pl\/index.php?rest_route=\/wp\/v2\/users\/2"}],"replies":[{"embeddable":true,"href":"https:\/\/jezusuzdrawia.pl\/index.php?rest_route=%2Fwp%2Fv2%2Fcomments&post=119"}],"version-history":[{"count":13,"href":"https:\/\/jezusuzdrawia.pl\/index.php?rest_route=\/wp\/v2\/pages\/119\/revisions"}],"predecessor-version":[{"id":392,"href":"https:\/\/jezusuzdrawia.pl\/index.php?rest_route=\/wp\/v2\/pages\/119\/revisions\/392"}],"wp:attachment":[{"href":"https:\/\/jezusuzdrawia.pl\/index.php?rest_route=%2Fwp%2Fv2%2Fmedia&parent=119"}],"curies":[{"name":"wp","href":"https:\/\/api.w.org\/{rel}","templated":true}]}}