{"id":143,"date":"2023-08-05T14:58:26","date_gmt":"2023-08-05T14:58:26","guid":{"rendered":"https:\/\/jezusuzdrawia.pl\/?page_id=143"},"modified":"2023-09-08T21:30:52","modified_gmt":"2023-09-08T21:30:52","slug":"pomorskie","status":"publish","type":"page","link":"https:\/\/jezusuzdrawia.pl\/?page_id=143","title":{"rendered":"Pomorskie"},"content":{"rendered":"\n<figure class=\"wp-block-table\"><table><tbody><tr><td class=\"has-text-align-center\" data-align=\"center\">Parafia pw. Wniebowzi\u0119cia NMP<br>ul. Ks. Stanis\u0142awa Konarskiego 1<br>84-239 Bolszewo<\/td><td class=\"has-text-align-center\" data-align=\"center\"><a href=\"https:\/\/gdansk.odnowa.org\/wspolnoty\/wsp-bolszewo-nasyceni-duchem-swietym\/\">link<\/a><\/td><\/tr><tr><td class=\"has-text-align-center\" data-align=\"center\">Parafia pw. \u015bw. Brygidy w Gda\u0144sku<br>ul. Profesorska 17<br>80-856 Gda\u0144sk<\/td><td class=\"has-text-align-center\" data-align=\"center\"><a href=\"http:\/\/www.brygida.gdansk.pl\/?modul=strony&amp;strona=54\">link<\/a><\/td><\/tr><tr><td class=\"has-text-align-center\" data-align=\"center\">Ko\u015bci\u00f3\u0142 pw. \u015aw. Urszuli Led\u00f3chowskiej<br>ul. Cieszy\u0144skiego 1<br>80-809 Gda\u0144sk-Che\u0142m<\/td><td class=\"has-text-align-center\" data-align=\"center\"><a href=\"https:\/\/gdansk.odnowa.org\/wspolnoty\/wsp-gdansk-chelm-synaj\/\">link<\/a><\/td><\/tr><tr><td class=\"has-text-align-center\" data-align=\"center\">Archidiecezjalne Sanktuarium Mi\u0142osierdzia Bo\u017cego<br>Parafia Zmartwychwstania Pa\u0144skiego<br>ul. Miko\u0142aja Gom\u00f3\u0142ki 9<br>80\u2013279 Gda\u0144sk<\/td><td class=\"has-text-align-center\" data-align=\"center\"><a href=\"http:\/\/www.sanktuarium.gda.pl\/parafia\/msze-sw-nabozenstwa\/\">link<\/a><\/td><\/tr><tr><td class=\"has-text-align-center\" data-align=\"center\">Parafia Rzymskokatolicka pw. Niepokalanego Serca Maryi w Gdyni-Karwinach<br>ul. Makuszy\u0144skiego 2<br>81-595 Gdynia<\/td><td class=\"has-text-align-center\" data-align=\"center\"><a href=\"http:\/\/parafiakarwiny.pl\/2021\/01\/23\/msza-o-uzdrowienie-dla-chorych-i-starszych\/\">link<\/a><\/td><\/tr><tr><td class=\"has-text-align-center\" data-align=\"center\">Parafia pw. Tr\u00f3jcy \u015awi\u0119tej<br>ul. Nagietkowa 61<br>81-589 Gdynia<\/td><td class=\"has-text-align-center\" data-align=\"center\"><a href=\"https:\/\/www.parafia.gdynia.pl\">link<\/a><\/td><\/tr><tr><td class=\"has-text-align-center\" data-align=\"center\">Parafia \u015bw. Stanis\u0142awa Kostki<br>Tatrza\u0144ska 35<br>81-313 Gdynia<\/td><td class=\"has-text-align-center\" data-align=\"center\"><a href=\"https:\/\/uwielbieniewspolnota-jezuici.pl\/\">link<\/a><\/td><\/tr><tr><td class=\"has-text-align-center\" data-align=\"center\">Parafia pw. \u015aw. Miko\u0142aja<br>ul. \u015bw. Miko\u0142aja 1<br>81-062 Gdynia<\/td><td class=\"has-text-align-center\" data-align=\"center\"><a href=\"vhttps:\/\/swmikolaj.org\/index.php\/msza-o-uzdrowienie\/\">link<\/a><\/td><\/tr><tr><td class=\"has-text-align-center\" data-align=\"center\">Parafia pw. \u015awi\u0119tego Micha\u0142a Archanio\u0142a Gdynia Oksywie<br>ul. P\u0142k. D\u0105bka 1<br>81-107 Gdynia Oksywie<\/td><td class=\"has-text-align-center\" data-align=\"center\"><a href=\"http:\/\/www.marana-tha.pl\/aktualnosci\/swiat\/91743\/nabozenstwo-z-modlitwa-o-uwolnienie-i-uzdrowienie\">link<\/a><\/td><\/tr><tr><td class=\"has-text-align-center\" data-align=\"center\">Parafia pw. \u015bw. Antoniego Padewskiego w Redzie<br>ul. F. Fenikowskiego 4<br>84-240 Reda<\/td><td class=\"has-text-align-center\" data-align=\"center\"><a href=\"http:\/\/antoni-reda.pl\/wp\/wracamy-do-mszy-sw-o-uzdrowienie-i-uwolnienie\/\">link<\/a><\/td><\/tr><tr><td class=\"has-text-align-center\" data-align=\"center\">*Dom Mi\u0142osierdzia Gda\u0144sk<\/td><td class=\"has-text-align-center\" data-align=\"center\"><a href=\"https:\/\/dom.jezuici.pl\/domy_milosierdzia\/\">link<\/a><\/td><\/tr><tr><td class=\"has-text-align-center\" data-align=\"center\">*Dom Mi\u0142osierdzia Gdynia<\/td><td class=\"has-text-align-center\" data-align=\"center\"><a href=\"https:\/\/dom.jezuici.pl\/domy_milosierdzia\/\">link<\/a><\/td><\/tr><tr><td class=\"has-text-align-center\" data-align=\"center\">*Dom Mi\u0142osierdzia Kartuzy<\/td><td class=\"has-text-align-center\" data-align=\"center\"><a href=\"https:\/\/dom.jezuici.pl\/domy_milosierdzia\/\">link<\/a><\/td><\/tr><\/tbody><\/table><figcaption class=\"wp-element-caption\"><br>*Modlitwa wed\u0142ug pi\u0119ciu kluczy<\/figcaption><\/figure>\n","protected":false},"excerpt":{"rendered":"<p>Parafia pw. Wniebowzi\u0119cia NMPul. Ks. Stanis\u0142awa Konarskiego 184-239 Bolszewo link Parafia pw. \u015bw. Brygidy w Gda\u0144skuul. Profesorska 1780-856 Gda\u0144sk link Ko\u015bci\u00f3\u0142 pw. \u015aw. Urszuli Led\u00f3chowskiejul. Cieszy\u0144skiego 180-809 Gda\u0144sk-Che\u0142m link Archidiecezjalne Sanktuarium Mi\u0142osierdzia Bo\u017cegoParafia Zmartwychwstania Pa\u0144skiegoul. Miko\u0142aja Gom\u00f3\u0142ki 980\u2013279 Gda\u0144sk link Parafia Rzymskokatolicka pw. Niepokalanego Serca Maryi w Gdyni-Karwinachul. Makuszy\u0144skiego 281-595 Gdynia link Parafia pw. Tr\u00f3jcy&#8230;<\/p>\n","protected":false},"author":2,"featured_media":0,"parent":0,"menu_order":0,"comment_status":"closed","ping_status":"closed","template":"","meta":{"footnotes":""},"_links":{"self":[{"href":"https:\/\/jezusuzdrawia.pl\/index.php?rest_route=\/wp\/v2\/pages\/143"}],"collection":[{"href":"https:\/\/jezusuzdrawia.pl\/index.php?rest_route=\/wp\/v2\/pages"}],"about":[{"href":"https:\/\/jezusuzdrawia.pl\/index.php?rest_route=\/wp\/v2\/types\/page"}],"author":[{"embeddable":true,"href":"https:\/\/jezusuzdrawia.pl\/index.php?rest_route=\/wp\/v2\/users\/2"}],"replies":[{"embeddable":true,"href":"https:\/\/jezusuzdrawia.pl\/index.php?rest_route=%2Fwp%2Fv2%2Fcomments&post=143"}],"version-history":[{"count":4,"href":"https:\/\/jezusuzdrawia.pl\/index.php?rest_route=\/wp\/v2\/pages\/143\/revisions"}],"predecessor-version":[{"id":378,"href":"https:\/\/jezusuzdrawia.pl\/index.php?rest_route=\/wp\/v2\/pages\/143\/revisions\/378"}],"wp:attachment":[{"href":"https:\/\/jezusuzdrawia.pl\/index.php?rest_route=%2Fwp%2Fv2%2Fmedia&parent=143"}],"curies":[{"name":"wp","href":"https:\/\/api.w.org\/{rel}","templated":true}]}}